 t(z) = z. Let k be t(3). Let r(f) be the second derivative of f**5/20 - f**4/4 - f**3/3 + f**2/2 - 5*f. Calculate r(k).
-5
Let y(q) be the third derivative of -q**8/20160 + q**7/1008 + 7*q**6/720 + q**5/12 + q**2. Let k(a) be the third derivative of y(a). What is k(5)?
7
Suppose -p = 2*p. Let g(w) = w**3 - 6. Give g(p).
-6
Let j(n) = -2*n**2 - 3*n + 3. Let c be (-12)/8*(-6)/((-9)/3). What is j(c)?
-6
Let f(v) = v**2. Let n(q) = q**3 + 3*q - 2. Let s be n(1). Calculate f(s).
4
Let a(o) be the first derivative of -o**4/4 - o**3/3 + 3*o**2/2 - 3*o - 13. Give a(-3).
6
Let u(b) = b + 17. Let p be u(-13). Let w(d) be the third derivative of 1/24*d**p + 0*d + 0 + 4/3*d**3 - d**2. What is w(0)?
8
Let w(c) = -c**3 - 4*c**2 + 2*c + 4. Suppose -20 = 2*j + 3*j. Let r be w(j). Let o(i) = -2*i**2 - 5*i + 3. Determine o(r).
-9
Let j(q) = q**2 + 6*q - 4. Suppose 6*w - 3*w + 18 = 0. Calculate j(w).
-4
Let h(j) = -j - 4. Let l be h(-2). Let n(x) = x**3 + 4*x**2 + 3*x. Determine n(l).
2
Let b(w) = 14 + 4*w - 4*w + w. Give b(-11).
3
Let v(l) = -l**2 + 4*l + 11. Suppose -j - 4*j = 10, 3*j + 30 = 3*t. Determine v(t).
-21
Let c = -2 - -4. Suppose 3 + 1 = 2*s + c*b, s = -5*b + 18. Let u(o) = -o + 1. Let r(k) = 2*k**2 - 1. Let h(w) = r(w) - u(w). Calculate h(s).
4
Let b be (0 + 0)/(12/(-4)). Suppose -2*w - 2*w = b. Let y(z) be the second derivative of z**3/6 - 3*z**2 + 2*z. Calculate y(w).
-6
Let m(t) = 2*t - 1. Let b(a) = a. Let s(n) = -10*b(n) + 4*m(n). Give s(-2).
0
Let j be (5/(-15))/((-1)/(-3)). Let f be -1 + 2 - (-3 + 1). Let r(k) = -5*k + f*k - k - 1. Give r(j).
2
Let r be (-2)/5 + 44/10. Let l(j) = 17*j**2 - 13*j - 7. Let n(v) = 8*v**2 - 6*v - 3. Let f(b) = r*l(b) - 9*n(b). Let t = -2 - -3. Determine f(t).
-3
Let r(n) = -n - 2. Suppose 67 = 5*f - 258. Suppose -3*t + f + 10 = 0. Suppose 0 = -0*i + 5*i - 5*g + t, -g - 7 = 5*i. Give r(i).
0
Suppose -4*t + 2 = -5*v + 2*v, -4*v = 4*t - 44. Let u(i) = i - 7. Calculate u(v).
-1
Let x be (6/3)/((-2)/(-5)). Let l be (-5)/2*(x - 3). Let w(r) = r**3 + 6*r**2 + 5*r + 4. Give w(l).
4
Let m(k) be the second derivative of k**3/2 + 3*k**2 + 49*k. Determine m(-5).
-9
Let b(r) = -2*r + 3. Let t(p) be the second derivative of -5*p**3/6 + 4*p**2 + 4*p. Let m(u) = 8*b(u) - 3*t(u). What is m(-2)?
2
Let y(t) = -9*t - 1. Suppose -8 = -4*k + 4. Let u(m) = 8*m + 1. Let h(w) = k*u(w) + 4*y(w). Give h(1).
-13
Suppose 5*z - 7 = -2. Let c be (-8)/(-28) - 19/(-7). Let g(r) = -3 + c*r - 4*r + 2*r + z. What is g(-4)?
-6
Let k(o) be the third derivative of -o**4/24 - o**3/6 + 5*o**2. Let g(l) = -l**2 - 3*l - 3. Let b(i) = -i - 2. Let r be b(0). Let q be g(r). Calculate k(q).
0
Let d(i) be the third derivative of i**5/60 - 5*i**4/12 + i**3/2 + 28*i**2 - 1. Determine d(8).
-13
Let r(t) = 6*t**3 - t**2 + 1. Let v be 0 - -1 - (-10)/(-5). What is r(v)?
-6
Let h(f) = 19*f**2 + 16*f - 1. Let z(n) = -7*n**2 - 5*n. Let y(t) = 4*h(t) + 11*z(t). Suppose 3*s - 3*m = 2*s + 12, -2*s = 5*m - 2. Determine y(s).
14
Let b(f) = 2*f - 1. Let y = -11 + 15. Let w be ((-5)/y)/(3/(-12)). Determine b(w).
9
Let j(x) be the second derivative of -6*x + 0 - 1/6*x**3 + 2*x**2. Let v be (-2)/2 + (0 - -6). Give j(v).
-1
Let x(r) = -r**3 + 11*r**2 + 13*r - 5. Let p be x(12). Let i(l) = 6 + p*l - 3*l - 3*l. Let u(g) = -g**2 + 6*g - 5. Let c be u(5). What is i(c)?
6
Let u(g) = -g**3 + 8*g**2 + 10*g - 6. Let p(n) = n**2 + 5*n + 9. Let q be p(0). Determine u(q).
3
Let j be (-4)/2*(-45)/30. Let f(u) be the first derivative of -1 + 2*u - 2*u**2 + 1/3*u**j. Give f(5).
7
Let b(t) = -2*t**3 - 13*t**2 - 6*t - 2. Let l be b(-6). Let r(s) = s - 2. What is r(l)?
-4
Let s be (-2)/(-3)*-3 + 4. Let j(u) = 2*u**2 + 0 - u - s + 0*u**2. Give j(2).
4
Let r(u) = -4*u**3 + 3*u**2 + 3*u + 5. Let t(b) = -11*b**3 + 9*b**2 + 8*b + 14. Let g(o) = -8*r(o) + 3*t(o). What is g(2)?
6
Let x = -13 + 8. Let z(r) = -r**2 - 5*r + 2. Determine z(x).
2
Let n be 88/14 + (-2)/7. Let b(r) = -n - 3*r + 0*r - r + r**2. Let i(s) = -3*s - 1. Let a be i(-2). Calculate b(a).
-1
Let b(s) = s**2 + 5*s - 3. Let n(t) = -3*t**2 - 9*t + 5. Let u(c) = 5*b(c) + 3*n(c). Give u(2).
-20
Let j be ((-12)/(-7))/(6/21). Let b(a) = a + 1. Determine b(j).
7
Let g(f) be the third derivative of 3*f**2 + 0*f**5 + 1/120*f**6 + 0 - 1/6*f**3 + 0*f**4 + 0*f. Let t be g(1). Let v(j) = -j + 1. What is v(t)?
1
Let m(u) be the first derivative of u**3/3 - u**2/2 + 4. Suppose 0 = -0*q - 4*q - 8. What is m(q)?
6
Let b(s) be the third derivative of -1/2*s**3 + 0 + 1/120*s**6 + 1/20*s**5 + 0*s - 4*s**2 - 1/24*s**4. Determine b(-3).
0
Let w(j) be the first derivative of 5*j**3/3 - j**2 + j + 2. Give w(2).
17
Let i(n) be the third derivative of -n**5/60 - n**4/4 - n**3 - n**2. Let u(y) = -y + 13. Let x be u(11). Let v be 6*(4 + -3 - x). Determine i(v).
-6
Let k(p) = -p**3 - 5*p**2 - 4*p - 1. Suppose -21 = -6*y + 75. Suppose 3*j = -j - y. Determine k(j).
-1
Suppose -4*x - 5 = -13. Let a(s) = -s**2 + 0*s + 2 - 3*s + x. Suppose -5*n + 2*y - 41 = -6, -2*n = -5*y + 35. Determine a(n).
-6
Let s(i) be the second derivative of i**6/120 + 7*i**5/60 + i**4/4 + 2*i**3/3 - i**2 - i. Let n(m) be the first derivative of s(m). Calculate n(-6).
4
Let h(o) = -o**2 - 8*o + 14. Let s(q) = -3*q**2 - 24*q + 42. Let a(g) = 8*h(g) - 3*s(g). Give a(-10).
6
Let a(q) = -q**3 - 7*q**2 - 8*q + 7. Let c be a(-5). Let h(j) be the second derivative of j**3/6 + 2*j**2 - j. Give h(c).
1
Let r(y) = -y + 5. Let w be r(7). Let m be (-3)/(-6) + (-11)/w. Let k(b) = b - 4. Give k(m).
2
Let z(c) be the third derivative of 1/24*c**4 + 4*c**2 + 0*c + 0 + 1/6*c**3. Determine z(-2).
-1
Let i be (6 + -2)*5/4. Suppose -i*r + 18 = 3. Suppose -r*t + 3 = -6*t. Let f(p) = p + 2. Give f(t).
1
Let b = -5 + 7. Suppose l = -b*l. Let y(d) = l - d**2 + 3*d + 0. What is y(3)?
0
Suppose 0 = 5*d - d - 4. Let s(c) = -c**2 - c + 1. What is s(d)?
-1
Suppose 5*z + 27 = -3*w, 4*z = 5*w - 8*w - 24. Let x(b) = b**3 + 5*b**2 - 4. Give x(w).
12
Suppose 4*l + 15 = g, -1 = -2*g - g + l. Let f be (3 + -6 + 4)/g. Let t(v) = -5*v**3 - v**2 - v. Calculate t(f).
5
Suppose 2*z = -p - 12, -z - 5*p - 24 = -0*p. Let b(q) = -q**2. Let s(k) = -5*k**2 - k + 9. Let v(y) = z*b(y) + s(y). Suppose 4*g - 6*g = 0. Determine v(g).
9
Suppose -8 = 3*r - 5. Let n(m) = -m**2 + m + 1. Calculate n(r).
-1
Let h be -3 - 4*4/8. Let l(z) = z**2 + 5*z + 4. Determine l(h).
4
Let q(j) = -j**2 + 4*j - 4. Suppose -1 = -5*t - 3*g, 6 = -2*g - 0*g. Let o(m) = -7*m + 7 + 3*m**t - 2*m**2 - m - 3. Let s be o(8). Calculate q(s).
-4
Let q(d) = -d**2 + 4*d - 1. Let i be (-16)/6 - (-2)/(-6). Let a = i + 6. What is q(a)?
2
Let c(d) = 5*d**2 + 11. Let x(r) = 14*r**2 + r + 32. Let j(f) = 17*c(f) - 6*x(f). What is j(5)?
-10
Let u(g) = g**3 - 2*g**2 - 4*g + 4. Let d be (-1)/(-1 - 6/(-9)). Suppose -d*v + v + 6 = 0. Give u(v).
1
Suppose 0 = -0*w - 4*w + 20. Let f(t) = 2*t**2 - 5*t - 7. What is f(w)?
18
Suppose 7 = 2*z - 1. Let t(f) = f**2 - 9*f - 8. Let c(i) = i**2 - 10*i - 9. Suppose -4*h - 3*h = 35. Let l(b) = h*c(b) + 6*t(b). Determine l(z).
-3
Let w(d) = -d. Let g(r) = -4*r**3 - r**2. Let t be g(-1). Suppose 0 = -t*v - 3*b - 18, -5*v = -2*v - 4*b - 17. Let h = 2 - v. Give w(h).
-3
Let l = 14 + -14. Let w(t) = t**3 + t**2 + t - 3. Give w(l).
-3
Suppose -4*l = 2*u + 16, 4*l = -u + 5*u - 16. Suppose u*f - 4*f + 5*x = 31, -x = 5*f + 75. Let t be 32/f + (-2)/(-7). Let o(q) = 2*q + 2. Calculate o(t).
-2
Let k(h) = -h**3 + h**2 + h + 5. Let y = 2 - 4. Let t = y + 2. Calculate k(t).
5
Let s(d) be the second derivative of 0 - d**2 + 1/12*d**4 + 5*d + 1/2*d**3. Calculate s(-3).
-2
Let k(x) be the third derivative of 1/4*x**4 + 2*x**2 + 0*x**3 + 0*x + 0. What is k(-1)?
-6
Let c be (48/(-84))/((-2)/7). Let j(q) = 0*q - 5 - q**2 - 6*q - 3*q + c*q. Determine j(-5).
5
Suppose -l - 2*l = -6, 3*t - l + 314 = 0. Let j be t/(-28) - (-2)/7. Let q(a) = 2*a + 3. Let i(p) = 3*p + 3. Let s(f) = j*q(f) - 3*i(f). Give s(3).
0
Let i(q) = 4*q**2 + 2*q + 3. Let b(a) = -a**3 + a**2 - 1. Let n(j) = -b(j) + i(j). Give n(-3).
-2
Let l(x) = x + 3. Let m(c) = c**3 - 3*c**2 - 4*c + 6. Let i(b) = b**3 - 10*b**2 - 10*b - 7. Let a be i(11). Let j be m(a). Give l(j).
9
Let t(v) = 2*v**3 - 8*v**2 + 15*v + 4. Let o(a) = -a**3 + 4*a**2 - 8*a - 2. Let r be 0/1 + (-11)/(-1). Let w(l) = r*o(l) + 6*t(l). Calcu